3*u - 4*r - 231 = -6*r, u = -r + 78. What is the highest common factor of c and u?
15
Let g be (-12)/(-10) + 2/(-10). Suppose 0 = -2*t + 4*w - 14, -11 = 5*t - 3*w - 4. Calculate the greatest common factor of t and g.
1
Let j(s) = 28*s + 756. Let x be j(-22). What is the greatest common factor of 945 and x?
35
Suppose 15 = -3*n + 8*n + i, -3*n + 11 = i. Suppose m + 5*m = 24. Suppose m = 5*o - 1, n*o + 86 = 4*t. Calculate the greatest common factor of 44 and t.
22
Suppose -33 = 2*c - 37. Let i(a) = 5*a**3 + a**2 - a + 1. Let j be i(1). Calculate the greatest common factor of j and c.
2
Let y(r) = -262*r - 5. Let z(s) = -87*s - 1. Let f(c) = -6*y(c) + 17*z(c). Let j be f(4). What is the greatest common factor of 35 and j?
35
Suppose -5*i + 7*i + 2 = 0. Let x be -10*(161/(-35) - (-4 - i)). Suppose 24 - 8 = 2*z. What is the greatest common divisor of z and x?
8
Suppose -240 = -2*s - 16. Calculate the highest common divisor of 28 and s.
28
Suppose w - 2 = 3. Let y = 2 - w. Let t be y/1 + 1 - -10. Calculate the greatest common divisor of 72 and t.
8
Suppose -4*p = -4*j - 136, 4*p - 164 = -p - j. Let f = p + -25. Suppose 0*q = -q + 20. Calculate the highest common divisor of q and f.
4
Suppose -i = -0*i - 3. Suppose p = 49 - 48. What is the greatest common divisor of p and i?
1
Let z be -2*(-5)/4 + (-15145)/(-130). What is the greatest common divisor of 7 and z?
7
Suppose t = -n + 13, t - 3 - 58 = -5*n. What is the highest common factor of n and 84?
12
Suppose -2*y - 5*a + 36 + 11 = 0, -2*a + 170 = 5*y. Calculate the greatest common divisor of 16 and y.
4
Suppose 0 = -3*x + 32 + 10. Let t = x - -8. Calculate the highest common factor of t and 11.
11
Let v = 2 - 3. Let o be ((-1)/v - 2)*-99. Suppose -97 - 20 = -13*u. What is the greatest common divisor of u and o?
9
Let a = 42 - 30. Let g(j) = -27*j - 12 - 8*j + 11*j. Let c be g(-6). What is the greatest common divisor of a and c?
12
Let p(o) = -2*o**3 - 5*o + 12. Let k be p(-4). Calculate the greatest common factor of k and 20.
20
Let l = 95 + -137. Let p = l + 28. Let u be (1 - 4)/(p/210). Calculate the highest common divisor of u and 18.
9
Suppose 4*n - 96 - 156 = 0. Let v be 3*(-12)/(-3 + -1). Calculate the highest common divisor of n and v.
9
Let h = 12 - 0. Suppose -5*j + h = g, -27 = j - 6*j + 4*g. Suppose j*y + 2*y = 70. What is the highest common factor of 21 and y?
7
Let f = -4 + 28. Suppose 6*k = 7*k - f. Suppose 4*a = a + k. Calculate the greatest common divisor of 8 and a.
8
Let i(x) = -28*x - 4. Let t be i(-1). Calculate the greatest common factor of t and 152.
8
Suppose -22*r - 13104 = -29*r. What is the highest common factor of 117 and r?
117
Let o = 45 + -24. Let n = o - -9. Suppose -2*p = -70 + n. Calculate the greatest common divisor of 4 and p.
4
Let i(t) be the third derivative of t**5/30 - 5*t**4/24 + 5*t**3/6 - 18*t**2. Let k be i(6). Calculate the greatest common factor of 141 and k.
47
Let q be (-18 - -11)/(1/(-4)). Suppose 0*v + q = 4*v. What is the highest common divisor of v and 49?
7
Let j be (0 + 1)/((-3)/(-15)). Let n(b) = b**3 - 3*b**2 - 5*b - 4. Let s be n(j). Calculate the greatest common divisor of s and 3.
3
Suppose -15 = -5*i - 5*c, -5*i = -c + 5*c - 16. Suppose -i*p = k - 9 - 43, -3*k + 4*p = -92. What is the highest common divisor of 12 and k?
12
Suppose -4*i + 25 - 9 = 0. Suppose 0 = i*o + 11 - 39. Let f(s) = s**3 + 5*s**2 - 8*s - 5. Let j be f(-5). What is the greatest common factor of o and j?
7
Let h = 38 + -37. Suppose -2*g - 1 - h = 0, 3*g - 31 = -u. What is the greatest common factor of u and 34?
34
Let i = -33 + 77. Let a be -3 + 38 - (0 + 2). Calculate the highest common divisor of i and a.
11
Let j = 1643 - 1475. Suppose -57 = -i + h - 2*h, -96 = -2*i + 4*h. Suppose -30 = -4*s + i. Calculate the highest common factor of j and s.
21
Let n = 18 + 9. Let r = -5 + n. Calculate the greatest common divisor of 154 and r.
22
Let v be 6/(-2)*(-1 - 0). Suppose v*l = 9 + 27. What is the highest common divisor of l and 2?
2
Let l be 6/(-18)*-6*4. Calculate the highest common factor of l and 8.
8
Suppose 199*x - 226*x + 2538 = 0. Calculate the highest common factor of 1222 and x.
94
Let w be 138 - (18/24)/((-21)/(-196)). Calculate the greatest common divisor of w and 2227.
131
Suppose 0*n - 5*n = -130. Suppose -y - 5*i + n = 0, 0*i = y - 2*i - 26. Calculate the highest common factor of 65 and y.
13
Suppose -5*d - 3*b = -1943, 4*b = -2*d + 1139 - 373. What is the highest common divisor of 23 and d?
23
Let c be 2/(-32)*2 + 75/24. Suppose -q = -6*q + h + 6, 2*q = c*h - 8. Let m(w) = -w + 1. Let n be m(-1). What is the highest common factor of q and n?
2
Let d be 3/(-5) - (-286)/10. Let i be (9/6)/((-1)/(-50)). Let s be 5*(-5)/(i/(-21)). Calculate the greatest common factor of s and d.
7
Suppose 49 = -3*w + 283. What is the highest common divisor of 26 and w?
26
Suppose 0 = -5*u + 9*u + 2*y - 568, -3*y - 444 = -3*u. Calculate the greatest common factor of 16 and u.
16
Let a(z) = -4*z + 1. Let w be a(-3). Let v be 8 - (14 + -12) - -2*49. What is the greatest common factor of v and w?
13
Let c = 39 - 36. What is the greatest common divisor of 573 and c?
3
Let t = 9 - 10. Let m be 0 - (3 + (108 - t)). Let b be (0 + 6)/((-12)/m). What is the highest common divisor of b and 14?
14
Suppose -627 = 26*j - 37*j. Calculate the highest common divisor of 19 and j.
19
Let m(j) = j**2 + 2*j + 1. Let i = 5 + -5. Let y be m(i). What is the highest common factor of 8 and y?
1
Let w(f) = -f**3 + 17*f**2 + f - 9. Let l(k) = -k**3 - 15*k**2 - 14*k + 17. Let c be l(-14). Let n be w(c). What is the greatest common factor of n and 16?
8
Let t(k) = 283*k**2 + 154*k. Let u be t(-3). What is the highest common factor of 15 and u?
15
Suppose -6*t = -29*t + 598. What is the greatest common divisor of 2 and t?
2
Let q be (-6 + 92)/((-13)/((-78)/12)). What is the highest common factor of 172 and q?
43
Let t = -347 - -455. Calculate the highest common factor of t and 12.
12
Suppose -5*s - 12 + 62 = 0. Suppose 2*j - 104 = s. What is the highest common factor of j and 38?
19
Suppose -2*y + 3166 = 2*z, 4*y - 5*z - 9221 = -2862. What is the highest common divisor of y and 244?
122
Suppose f + f = -o + 532, -f = -o + 529. What is the highest common factor of o and 53?
53
Let o be 1565/(-20)*-1*-4. Let t = -170 - o. Calculate the greatest common divisor of t and 13.
13
Let v(t) = 13*t**2 - 8*t + 4. Let k be v(3). Let z = k + -74. Calculate the greatest common divisor of 92 and z.
23
Let w be 2/(-9) + (-141)/(-27). Suppose g = -w*j - 13, 5*g - 2 = -2*j + 25. Calculate the greatest common factor of 14 and g.
7
Suppose -4*f + 2*o = -2*o - 8, 5*f - 3*o - 12 = 0. Suppose f*x + 32 = 5*x. What is the greatest common divisor of x and 16?
16
Suppose -2*m + 38 = 2*p + 10, 2*p = -3*m + 31. What is the greatest common divisor of p and 77?
11
Suppose -4*o = o + 875. Let t = -13 - o. Calculate the greatest common factor of 18 and t.
18
Suppose 0 = -r, 4*r - 495 = 2*j - 3*j. What is the greatest common factor of 55 and j?
55
Let k(l) = 7*l + 61. Let s be k(-7). Calculate the highest common divisor of s and 12.
12
Suppose 3*i + 140 = 8*i. Let y be 24 + -4 - (2 + 8 + -4). What is the highest common factor of i and y?
14
Let f(r) = -r**3 + 8*r**2 - 2*r - 31. Let l be f(7). Calculate the greatest common divisor of l and 4.
4
Suppose -3*v - 3 = 0, -5*v + 6*v - 54 = -5*d. What is the greatest common divisor of 121 and d?
11
Let c(w) = -3*w - 89 + 86 - 4*w. Let h be c(-5). What is the greatest common divisor of 4 and h?
4
Let m = -646 + 652. Suppose -4*i + 24 = -0*i. What is the greatest common divisor of i and m?
6
Let u(b) = -b**2 - 21*b - 70. Let x be u(-6). Calculate the greatest common factor of 460 and x.
20
Suppose s - 31 = 3*w + 21, 5*w = -20. What is the greatest common factor of 45 and s?
5
Let y(f) = f - 6. Let t be y(5). Let i be 4/(t - 1)*-6. Let d be 50/225 + (-430)/(-9). Calculate the greatest common divisor of d and i.
12
Let l be 3328/5 - 4/(-10). What is the greatest common divisor of l and 9?
9
Suppose -4*m = -3*m + 1. Let g = m - -8. Let q(o) = -o**3 - 10*o**2 + 9*o - 1. Let w be q(-11). Calculate the highest common divisor of w and g.
7
Suppose 11 = -2*f + 15. Let b = -11 + f. Let g = -7 - b. Calculate 